) be the third derivative of j**8/6720 + j**7/630 + j**5/120 + j**4/8 - j**2. Let d(p) be the second derivative of z(p). Give d(-3).
10
Let q(o) be the first derivative of -o**3/3 - o**2 + 2*o + 11. Suppose 0*p + 4*p + 2*g = -22, 0 = -3*p - 2*g - 18. Give q(p).
-6
Let h = 35 + -30. Let t(a) be the third derivative of a**5/60 - 5*a**4/24 + 7*a**3/6 + a**2. Give t(h).
7
Let u = 9 - 3. Let r(q) = 4*q + 0*q**2 - u*q**2 + q**3 + 2*q - q. Calculate r(5).
0
Suppose 6*j = o + 10*j + 20, 2*o - 4 = 3*j. Let g(n) = -n**3 + 4*n**2 - 3*n + 3. Let y be g(3). Let u(w) = 3*w**2 + 2*w**2 + 0*w**2 + w**3 + y*w + 5. Give u(o).
9
Let h = 0 + 3. Let r(p) = -p**3 + 11*p**2 + 5*p + 1. Let k(l) = -l**3 + 10*l**2 + 4*l + 1. Let f(z) = -7*k(z) + 6*r(z). Give f(h).
-4
Let b(n) = -n**2 + 4*n - 3. Let p(x) = x**3 - x**2 - x + 2. Let h be p(0). Let u be b(h). Let k(w) = 5*w**2 + 2*w - 1. What is k(u)?
6
Suppose 0 = 5*x - 8*x + 15. Suppose 4*c + x*w = 18 + 16, 4*w = 2*c - 4. Let v(l) = -l + 7. Give v(c).
1
Let n(q) = 11*q**3 - 24*q**2 - 3*q - 13. Let x(u) = -5*u**3 + 11*u**2 + u + 6. Let l(v) = 4*n(v) + 9*x(v). Give l(3).
-7
Let w(r) = r**3 + r + 1. Let f(x) = x**3 + x**2 - x. Let z(c) = 10*c**3 + 4*c**2 + 5*c + 7. Let m(v) = 6*f(v) - z(v). Let h(g) = -m(g) - 5*w(g). Give h(-4).
10
Let d(o) = -5*o - 12. Let y(a) = -a - 3. Let q(c) = 2*d(c) - 9*y(c). Let r be (-1 - -7)*1/(-1). What is q(r)?
9
Let b(t) be the second derivative of t - 1/3*t**3 + 0*t**4 - 1/360*t**6 + 1/24*t**5 + 0 + 0*t**2. Let j(r) be the second derivative of b(r). Calculate j(5).
0
Let o(g) be the first derivative of -3 - 8*g - 1/2*g**2. Calculate o(0).
-8
Let r(l) be the third derivative of -5*l**4/24 + l**3/6 + 7*l**2. Determine r(-2).
11
Let v(c) = c**2 - 3*c + 5. Let n(a) be the third derivative of a**5/30 - 5*a**4/24 + 5*a**3/3 - 3*a**2. Let k(p) = -3*n(p) + 7*v(p). What is k(4)?
-3
Let g(f) = -f. Let p be ((-1)/(-2))/((-1)/(-8)). Suppose -k + p*r = -17, 3*r - 1 = -5*k + 2*r. Give g(k).
-1
Let x(t) = 4*t**2 + t - 6. Let c(r) = -7*r**2 - 3*r + 11. Let a(l) = 3*c(l) + 5*x(l). Let y be (-2)/(-4)*(-30)/5. Give a(y).
6
Let l(b) be the third derivative of -b**6/120 + b**5/15 - b**4/12 - b**3/6 - 3*b**2. Suppose -4*s - 19 = 13. Let q = s + 10. Calculate l(q).
3
Let c(z) = -3*z + 6*z + 2 - z**2 + 2*z**2. Suppose 2*y + 2 = 8. Suppose 3*f = 3*l + y, -3*f - l = -3*l + 2. Give c(f).
6
Let s = -1 - -3. Let x(t) = 5*t**2 - 3. Let g(p) = -p**2 - p + 1. Let q(y) = -4*g(y) - x(y). Calculate q(s).
3
Let a(h) = 3*h - 9*h**2 - 3*h. Let d(s) = -s**3 + 5*s**2 + s - 6. Let g be d(5). Let f be g/(-1) + 0/3. What is a(f)?
-9
Let w(l) = 3*l**2 - 5*l - 8. Let u(t) = 2*t**2 - 2*t - 4. Let c(q) = 5*u(q) - 3*w(q). Suppose 0 = -7*h + 3*h + 20. Suppose -h*b - 4 = 21. Calculate c(b).
4
Let a(v) be the second derivative of v**4/12 + v**3/6 - v**2 + v. Suppose 5*c - 3*r = -18, 13 = -c - 4*c - 2*r. What is a(c)?
4
Let z(d) = 2*d**2 + 5*d + 1. Let x be 1/((0 + -1)*(-1)/(-4)). What is z(x)?
13
Let c = 1 - -2. Let t(j) = -c*j**2 - 10*j**3 + 11*j**3 - 5*j + 8*j**2 - 1. Determine t(-6).
-7
Let q(f) = 5*f**2 - f. Let u be q(1). Let w(i) = u*i - i - i + i**3 - 2*i**2. Calculate w(2).
4
Let g(o) = -o**2 - 8*o - 6. Let y be g(-8). Let h be y/(-5) + (-5)/25. Let l(c) = -11*c**2 + 1. Determine l(h).
-10
Suppose 0 = -0*q - 2*q. Let o(z) = z**2 - z - 4. What is o(q)?
-4
Let s(f) be the first derivative of f**4/4 + 5*f**3/3 - 4*f**2 - 8*f + 5. Let y be s(-6). Let o(u) = -u + 2. Give o(y).
-2
Suppose 3 - 7 = -2*p. Let j(u) = 7*u + 2 + 5 + 3*u**2 + 5*u**p + u**3. Calculate j(-7).
7
Let i(j) = j**2 + 3*j - 3 + 2*j + 0*j + 0*j. Determine i(-3).
-9
Let w = 9 + -4. Suppose -2*c - 8 = t, -w*c = -4*t + 3*t + 20. Let q(h) = h - 2 + t + 2. What is q(0)?
0
Let p(l) = -51*l + 23. Let g(f) = -76*f + 35. Let y(v) = -5*g(v) + 7*p(v). Let j(q) = -8*q + 5. Let t(w) = -17*j(w) - 6*y(w). Calculate t(-2).
3
Let n = -2 + -3. Let a(j) = -j**3 - 5*j**2 + 6*j + 1. Let p be a(-6). Let q(k) = -k. Let x(w) = w**3 + 5*w**2 - w + 3. Let f(d) = p*x(d) - q(d). What is f(n)?
3
Let t be -10*((-5)/(-10))/((-1)/(-1)). Let v(r) = r**3 + 4*r**2 - 2*r + 7. Determine v(t).
-8
Let x be 3/6 - (-91)/(-14). Let h(c) = -c**2 - 6*c - 5. Determine h(x).
-5
Let s = 23 - 28. Let k(v) = -v**2 - 5*v - 5. What is k(s)?
-5
Let l(q) = -5*q + 1. Let g(h) = -2*h**3 - 4*h**2 - 3*h - 3. Let n be g(-2). Give l(n).
-14
Let r be (14/21)/(2/9). Suppose -3*x = 2*x. Suppose 5*d + t - 14 = x, 0 = r*d + 2*t - 9 - 5. Let v(g) = 2*g**2 - 1. Give v(d).
7
Let r be (-24)/6*2/(-4). Let m(j) = 4*j**r + j**3 - 4*j - 3*j + 5*j - 2*j. Calculate m(-5).
-5
Let p be (-8)/6*63/14. Let q(v) be the first derivative of v**3/3 + 4*v**2 + 8*v + 1. Calculate q(p).
-4
Let v(x) = x**2 + 2*x + 2. Let j = -10 + 15. Suppose -j*b + 32 = 2. Let f be 3/(-6) + (-15)/b. Give v(f).
5
Let o(a) = -a**2 - 3*a - 2. Let p(i) = -i**3 - 5*i**2 + 8*i + 8. Let t be p(-6). Give o(t).
-6
Let z(k) be the first derivative of -k**4 - k**3 - k**2 + 2*k + 27. Calculate z(-2).
26
Suppose -3*r + 4 = -5. Let q(v) = -2 - v - 3 - r. Suppose 0 = y + 3*y. What is q(y)?
-8
Let w(c) be the second derivative of 0*c**4 + 0*c**3 + 0*c**5 - 3/2*c**2 + 1/40*c**6 - 3*c + 0. Let b(r) be the first derivative of w(r). Determine b(1).
3
Let s(b) = -6*b - 7*b - 3*b + b. Calculate s(-1).
15
Suppose 0 = -4*o + o. Let l(s) = s**2 + 6*s - 9 + 5 + o*s**2. Let x = -4 + -1. What is l(x)?
-9
Let r(m) = m**3 + 15*m**2 - 2*m - 16. Let z be r(-15). Suppose 0 = -4*c + 2*c - z. Let v(o) = -o**2 - 6*o - 1. Give v(c).
-8
Let n(k) = 6*k - 8 + 6 - 1 + k**2 - 4. Determine n(-5).
-12
Let y = -6 + -2. Let v be y/4 - (-4)/1. Let g(p) = 5*p - 2*p**2 + 2 + p**3 - 4*p - p**2. Determine g(v).
0
Let q(r) = -2*r**3 + 4*r - 2. Let w(t) = -3*t**3 - t**2 + 5*t - 3. Let v(j) = 4*q(j) - 3*w(j). Give v(-3).
-2
Let d(w) = 6*w**2 + 1. Let n be d(-1). Let x be 60/(-14) + 2/n. Let f be 10/8*(-16)/x. Let b(y) = y - 6. Calculate b(f).
-1
Let o(x) = -3. Let m(y) = y. Let k(a) = 3*m(a) + o(a). Let g(v) = v**2 + v + 4. Let s be g(0). Determine k(s).
9
Let z = -3 + 8. Let m(u) = -u**2 + 5*u. Determine m(z).
0
Let b(h) = -3*h**3 + 5*h**2 - 3*h + 5. Let u(k) = 5*k**3 - 8*k**2 + 5*k - 7. Let i(c) = -8*b(c) - 5*u(c). Let v be (-2)/5 - (-4)/10. What is i(v)?
-5
Let m(l) = 3 - 12*l + 0*l**2 - 2*l**2 + 16*l. What is m(4)?
-13
Suppose w = 3*s + 20, s + 0*s = 5*w - 30. Let v(i) = 1 + i + 7 + 3. What is v(s)?
6
Let u(z) = z**2 - 2. Let c be u(2). Let s(f) = 4*f - c*f - 2*f + 5 - f. Let p be (-4 - -3)/1 + 1. What is s(p)?
5
Let a(s) = -3*s - 1. Let j be a(-2). Let i(b) be the second derivative of b**5/20 - b**4/3 - b**3 + 5*b**2/2 - 5*b. Calculate i(j).
0
Suppose -5*h + 5*m = -h - 28, 5*h = 3*m + 22. Let n(d) = 3*d**3 + 2*d + 2 - 2 - 4*d**3 - 3*d**h. Determine n(-3).
-6
Let l(v) = 4*v. Let j(p) = -p**3 + 9*p**2 + p - 4. Let t be j(9). Let m = t + -2. Let u(o) = -5*o - 1. Let n(g) = m*u(g) + 4*l(g). Give n(2).
-1
Let f(k) = k + 3. Let p(c) = c + 2. Let q(j) = 3*f(j) - 4*p(j). Calculate q(-1).
2
Suppose 2*t = 8 - 0. Let f(y) = -y**3 + 3*y**2 - 7*y + 0*y**2 + t*y**2 + 7. Let z = -60 + 66. Calculate f(z).
1
Let r(t) = -3*t + 4. Let s(d) = -4*d + 3. Let j(g) = -5*r(g) + 4*s(g). Let u be ((-2)/(-4))/(8/(-32)). Let n = 2 + u. What is j(n)?
-8
Let g(j) = -j + 3. Suppose -2*l + 4*l = 8, 3*s = 4*l - 28. Let z(c) = 5*c - c + 1 + 2*c - 5*c. Let x be z(s). Calculate g(x).
6
Let d(t) = -5*t**3. Let s(n) be the third derivative of -n**6/120 - n**5/60 + n**4/8 + n**3/2 - 2*n**2. Let r be s(-2). Determine d(r).
-5
Suppose -6*x = -x + 10. Let p = 9 + -5. Let c(b) = 2 + 6*b - p - 5*b. Calculate c(x).
-4
Let d(h) = -h. Let g(w) = 4*w - 7. Let i(s) = -d(s) - g(s). Let j(z) = 10 - 2 - z - 3 + z**2. Let p be j(0). Give i(p).
-8
Let b(o) = -2*o + 3. Let i be b(3). Let q(t) be the first derivative of -1/2*t**2 - 2 + t. Determine q(i).
4
Let l(i) = 3*i**2 - 3. Suppose -5*h - 24 = 4*m + 7, m = 5*h + 11. What is l(h)?
24
Suppose 0*y = 5*y. Suppose 5*k + f = 28, y = -3*k + 4*f - 4 + 7. Let w(p) = p**2 - 6*p + 5. Give w(k).
0
Let n be 0/(-3 - -2 - 1). Let o(t) be the third derivative of 0*t + 1/8*t**4 - 2*t**2 + n - 1/6*t**3. Calculate o(2).
5
Let k = -19 - -15. Let a = 6 - 3. Let h(o) = o - o**a + 2*o**2 + o**2 + 2*o**3 - 3*o. Give h(k).
-8
Let a(k) = k - 1.